{"id":65,"date":"2024-12-30T19:34:10","date_gmt":"2024-12-30T19:34:10","guid":{"rendered":"https:\/\/isgmevzuat.tr\/?page_id=65"},"modified":"2024-12-30T19:34:10","modified_gmt":"2024-12-30T19:34:10","slug":"ucucu-maddelerin-zararlarindan-insan-sagliginin-korunmasi-hakkinda-yonetmelik","status":"publish","type":"page","link":"https:\/\/isgmevzuat.tr\/index.php\/ucucu-maddelerin-zararlarindan-insan-sagliginin-korunmasi-hakkinda-yonetmelik\/","title":{"rendered":"U\u00c7UCU MADDELER\u0130N ZARARLARINDAN \u0130NSAN SA\u011eLI\u011eININ KORUNMASI HAKKINDA Y\u00d6NETMEL\u0130K"},"content":{"rendered":"\n<table id=\"tablepress-4\" class=\"tablepress tablepress-id-4\">\n<thead>\n<tr class=\"row-1\">\n\t<th class=\"column-1\">Madde Ad\u0131<\/th><th class=\"column-2\">Madde<\/th><th class=\"column-3\">A\u00e7\u0131klama<\/th>\n<\/tr>\n<\/thead>\n<tbody class=\"row-striping row-hover\">\n<tr class=\"row-2\">\n\t<td class=\"column-1\">Ama\u00e7<\/td><td class=\"column-2\">MADDE 1<\/td><td class=\"column-3\">(1) Bu Y\u00f6netmeli\u011fin amac\u0131, ki\u015filerde ba\u011f\u0131ml\u0131l\u0131k yapabilen u\u00e7ucu madde i\u00e7eren \u00fcr\u00fcnlerin kontrol\u00fcn\u00fc sa\u011flamak, \u00f6zellikle \u00e7ocuklar\u0131n eri\u015fimini ve kullan\u0131m\u0131n\u0131 \u00f6nleyerek onlar\u0131 ve toplumu bu maddelerin zararl\u0131 etkilerinden korumakt\u0131r.<\/td>\n<\/tr>\n<tr class=\"row-3\">\n\t<td class=\"column-1\">Kapsam<\/td><td class=\"column-2\">MADDE 2<\/td><td class=\"column-3\">(1) Bu Y\u00f6netmelik; k\u0131rtasiye malzemesi, boya incelticisi gibi maddeler ile yap\u0131\u015ft\u0131r\u0131c\u0131 olarak kullan\u0131lan ve u\u00e7ucu madde ihtiva eden Ek\u20131 deki \u00fcr\u00fcnleri ve bu \u00fcr\u00fcnlerin \u00fcretimi, ithalat\u0131, sat\u0131\u015f\u0131, denetimi, depolanmalar\u0131 ve kullan\u0131m alanlar\u0131yla ilgili hususlar\u0131 kapsar.<\/td>\n<\/tr>\n<tr class=\"row-4\">\n\t<td class=\"column-1\">Dayanak<\/td><td class=\"column-2\">MADDE 3<\/td><td class=\"column-3\">(1) Bu Y\u00f6netmelik, 7\/5\/2009 tarihli ve 5898 say\u0131l\u0131 U\u00e7ucu Maddelerin Zararlar\u0131ndan \u0130nsan Sa\u011fl\u0131\u011f\u0131n\u0131n Korunmas\u0131na Dair Kanunun 4 \u00fcnc\u00fc maddesinin birinci f\u0131kras\u0131n\u0131n (b) bendine istinaden haz\u0131rlanm\u0131\u015ft\u0131r.<\/td>\n<\/tr>\n<tr class=\"row-5\">\n\t<td class=\"column-1\">Tan\u0131mlar<\/td><td class=\"column-2\">MADDE 4<\/td><td class=\"column-3\">(1) Bu Y\u00f6netmelikte ge\u00e7en;<br \/>\n<br \/>\na) Ba\u011f\u0131ml\u0131l\u0131k: Bir maddenin belirgin bir etkiyi elde etmek i\u00e7in al\u0131nmas\u0131 s\u00fcrecinde ortaya \u00e7\u0131kan bedensel, ruhsal ya da sosyal sorunlara ra\u011fmen madde al\u0131m\u0131n\u0131n devam etmesi; b\u0131rakma iste\u011fine ra\u011fmen b\u0131rak\u0131lamamas\u0131, ayn\u0131 etkiyi elde edebilmek i\u00e7in giderek madde miktar\u0131n\u0131n art\u0131r\u0131lmas\u0131 ve maddeyi alma iste\u011finin durdurulamamas\u0131 durumunu,<br \/>\n<br \/>\nb) Bakanl\u0131k: Sa\u011fl\u0131k Bakanl\u0131\u011f\u0131n\u0131,<br \/>\n<br \/>\nc) Bilimsel Kurul: \u00c7al\u0131\u015fanlar\u0131n maruz kalacaklar\u0131 u\u00e7ucu madde miktarlar\u0131 ve maruz kalma s\u00fcrelerini belirlemek, e\u011fitim \u00f6\u011fretim faaliyetlerinde kullan\u0131lmak \u00fczere \u00fcretilmek veya ithal edilmek istenen, ho\u015f olmayan koku ihtiva eden \u00fcr\u00fcnlerin \u00fcretim veya ithal izni m\u00fcracaatlar\u0131nda g\u00f6r\u00fc\u015f vermek ve u\u00e7ucu maddelerin zararlar\u0131ndan insan sa\u011fl\u0131\u011f\u0131n\u0131n korunmas\u0131, sa\u011fl\u0131k etkileri ve riskleri hususunda Bakanl\u0131k\u00e7a y\u00fcr\u00fct\u00fclen \u00e7al\u0131\u015fmalarda bilimsel dan\u0131\u015fmanl\u0131k yapmak \u00fczere Bakanl\u0131k\u00e7a olu\u015fturulacak bilimsel dan\u0131\u015fma kurulunu,<br \/>\n<br \/>\n\u00e7) M\u00fcd\u00fcrl\u00fck: \u0130l Sa\u011fl\u0131k M\u00fcd\u00fcrl\u00fc\u011f\u00fcn\u00fc,<br \/>\n<br \/>\nd) \u00c7ocuk: 18 ya\u015f\u0131ndan k\u00fc\u00e7\u00fckleri,<br \/>\n<br \/>\ne) \u0130lgili Bakanl\u0131klar: Devlet Bakanl\u0131\u011f\u0131, \u0130\u00e7i\u015fleri Bakanl\u0131\u011f\u0131, Mill\u00ee E\u011fitim Bakanl\u0131\u011f\u0131, \u00c7al\u0131\u015fma ve Sosyal G\u00fcvenlik Bakanl\u0131\u011f\u0131 ile Sanayi ve Ticaret Bakanl\u0131\u011f\u0131n\u0131,<br \/>\n<br \/>\nf) \u0130\u015fyeri: Bu Y\u00f6netmelik kapsam\u0131nda yer alan \u00fcr\u00fcnlerin \u00fcretildi\u011fi veya bu \u00fcr\u00fcnlerin ara \u00fcr\u00fcn olarak \u00fcretimde kullan\u0131ld\u0131\u011f\u0131 i\u015fletmeleri,<br \/>\n<br \/>\ng) \u00dcr\u00fcn: Solumak, koklamak, i\u00e7mek veya ba\u015fka bir \u015fekilde kullan\u0131ld\u0131\u011f\u0131nda ki\u015filerde ba\u011f\u0131ml\u0131l\u0131k yapabilen k\u0131rtasiye malzemesi, boya incelticisi gibi maddeler ile yap\u0131\u015ft\u0131r\u0131c\u0131 olarak kullan\u0131lan ve u\u00e7ucu madde ihtiva eden \u00fcr\u00fcnleri,<br \/>\n<br \/>\n\u011f) U\u00e7ucu Madde: K\u0131rtasiye malzemesi, boya incelticisi gibi maddeler ile yap\u0131\u015ft\u0131r\u0131c\u0131 olarak kullan\u0131lan maddelerin bile\u015fiminde bulunan ve buharla\u015fabilen, toluen, xylol, aseton, benzen, trikloretan,  perkloretilen, trikloretilen,1,2 diklorpropan, halojenli hidrokarbonlar ve benzeri bile\u015fikler ile bunlar\u0131n t\u00fcrevlerini,<br \/>\n<br \/>\nifade eder.<\/td>\n<\/tr>\n<tr class=\"row-6\">\n\t<td class=\"column-1\">\u0130\u015fyerlerinde al\u0131nacak tedbirler<\/td><td class=\"column-2\">MADDE 5<\/td><td class=\"column-3\">(1) \u0130\u015fyerlerinde  u\u00e7ucu maddelerden kaynaklanan sa\u011fl\u0131k riskini \u00f6nlemek ve asgariye indirmek \u00fczere;<br \/>\n<br \/>\na) \u0130\u015fyerlerinde \u00e7ocuklar\u0131n \u00e7al\u0131\u015ft\u0131r\u0131lmas\u0131 yasakt\u0131r. Bu i\u015fyerlerinde Ek-3\u2019de belirtilen niteliklere uygun uyar\u0131 levhas\u0131 as\u0131l\u0131r.<br \/>\n<br \/>\nb) \u0130\u015fyerlerinde k\u0131sm\u00ee veya genel havaland\u0131rma sistemi bulunmas\u0131, havaland\u0131rman\u0131n halk sa\u011fl\u0131\u011f\u0131 ve \u00e7evreye zarar vermeyecek \u015fekilde yap\u0131lmas\u0131, kap\u0131, pencere vb. a\u00e7\u0131kl\u0131klardan atmosfere kontrols\u00fcz \u00e7\u0131k\u0131\u015f\u0131n \u00f6nlenmesi zorunludur. Havaland\u0131rma sistemi, hava emisyonlar\u0131na ili\u015fkin mevzuat usul ve esaslar\u0131na uygun olmak zorundad\u0131r.<br \/>\n<br \/>\nc) \u00c7al\u0131\u015fanlar\u0131n maruz kalacaklar\u0131 madde miktarlar\u0131 ve maruz kalma s\u00fcreleri hususunda i\u015f sa\u011fl\u0131\u011f\u0131 ve g\u00fcvenli\u011fi mevzuat\u0131 h\u00fck\u00fcmlerine uyulur. Bu mevzuatta yer almayan u\u00e7ucu maddeler i\u00e7in \u00e7al\u0131\u015fanlar\u0131n maruz kalacaklar\u0131 madde miktarlar\u0131 ve maruz kalma s\u00fcreleri ise Bilimsel Kurul taraf\u0131ndan belirlenir ve ilan edilir. Bu hususlar \u00e7al\u0131\u015fma s\u00fcrelerinin tespitinde esas al\u0131n\u0131r.<br \/>\n<br \/>\n\u00e7) \u00dcr\u00fcnlerin at\u0131k ve art\u0131klar\u0131n\u0131n en uygun \u015fekilde i\u015flenmesi, kullan\u0131lmas\u0131, ta\u015f\u0131nmas\u0131 ve depolanmas\u0131 i\u00e7in 14\/3\/2005 tarihli ve 25755 say\u0131l\u0131 Resm\u00ee Gazete\u2019de yay\u0131mlanarak y\u00fcr\u00fcrl\u00fc\u011fe giren Tehlikeli At\u0131klar\u0131n Kontrol\u00fc Y\u00f6netmeli\u011fine g\u00f6re gerekli d\u00fczenlemeler yap\u0131l\u0131r.<br \/>\n<br \/>\nd) \u00c7al\u0131\u015fanlara uygun ve yeterli y\u0131kanma yeri, tuvalet ve temizlik malzemesi sa\u011flan\u0131r ve koruyucu ama\u00e7l\u0131 maske, eldiven ile ayr\u0131 bir i\u015f k\u0131yafeti verilir.<br \/>\n<br \/>\n(2) Bu \u00f6nlemler, \u00e7al\u0131\u015fanlara maddi y\u00fck getirmeden, i\u015fyeri sahip ve i\u015fletenlerince yerine getirilir.<br \/>\n<br \/>\n(3) Bu maddede yer alan hususlar\u0131n yerine getirilmesi, i\u015fverenin i\u015fyerinin tabi oldu\u011fu i\u015f sa\u011fl\u0131\u011f\u0131 ve g\u00fcvenli\u011fi mevzuat\u0131ndan do\u011fan y\u00fck\u00fcml\u00fcl\u00fcklerini ortadan kald\u0131rmaz.<\/td>\n<\/tr>\n<tr class=\"row-7\">\n\t<td class=\"column-1\">\u00c7al\u0131\u015fanlar\u0131n e\u011fitimi ve bilgilendirilmesi<\/td><td class=\"column-2\">MADDE 6<\/td><td class=\"column-3\">(1) \u0130\u015fyeri sahip ve i\u015fletenlerince, \u00e7al\u0131\u015fanlar\u0131n y\u0131lda en az bir kez olmak \u00fczere konuyla ilgili yeterli ve uygun e\u011fitimi almalar\u0131 sa\u011flan\u0131r. Bu e\u011fitim i\u015fyeri hekimi bulunan yerlerde i\u015fyeri hekimlerince, di\u011fer i\u015fyerlerinde ise koruyucu sa\u011fl\u0131k hizmetleri kapsam\u0131nda toplum sa\u011fl\u0131\u011f\u0131 merkezlerince verilir.<br \/>\n<br \/>\n(2) E\u011fitim program\u0131 Ek-2\u2019deki konulardan olu\u015fur. E\u011fitim m\u00fcfredat\u0131 ayr\u0131ca Bakanl\u0131k\u00e7a yay\u0131mlan\u0131r.<br \/>\n<br \/>\n(3) Bu maddede belirtilen e\u011fitim ve bilgilendirme faaliyetleri 4857 say\u0131l\u0131 \u0130\u015f Kanunu ve alt d\u00fczenlemelerinde yer alan e\u011fitim ve bilgilendirme faaliyetleri yerine ge\u00e7mez.<\/td>\n<\/tr>\n<tr class=\"row-8\">\n\t<td class=\"column-1\">Etiketleme ile ilgili d\u00fczenlemeler<\/td><td class=\"column-2\">MADDE 7<\/td><td class=\"column-3\">(1) \u00dcr\u00fcnlerin d\u0131\u015f ambalajlar\u0131na ve varsa i\u00e7 ambalajlar\u0131na toplam alan\u0131n y\u00fczde otuzundan az olmayacak \u015fekilde \u201cDikkat! Sa\u011fl\u0131\u011fa Zararl\u0131d\u0131r. \u00c7ocuklara Sat\u0131lamaz, Verilemez\u201d ibaresi konur. Bu uyar\u0131 yaz\u0131s\u0131na resim ve \u015fekil de eklenebilir. Eklenecek resim ve \u015fekiller Bakanl\u0131k\u00e7a onaylan\u0131r.<br \/>\n<br \/>\n(2) \u00dcr\u00fcnlerin etiketlerinde t\u00fcketicileri yan\u0131ltacak veya kay\u0131ts\u0131zl\u0131\u011fa d\u00fc\u015f\u00fcrecek yaz\u0131 ve resimlere yer verilemez.<br \/>\n<br \/>\n(3) Yukar\u0131daki d\u00fczenlemelerin yap\u0131lmas\u0131 \u00fcretici ve\/veya ithalat\u00e7\u0131n\u0131n sorumlulu\u011funda olup \u00fcr\u00fcn\u00fcn tabi oldu\u011fu di\u011fer mevzuat gere\u011fi yap\u0131lmas\u0131 zorunlu d\u00fczenlemeleri ortadan kald\u0131rmaz.<\/td>\n<\/tr>\n<tr class=\"row-9\">\n\t<td class=\"column-1\">Kullan\u0131m alanlar\u0131 ve k\u0131s\u0131tlamalar<\/td><td class=\"column-2\">MADDE 8<\/td><td class=\"column-3\">(1) Su bazl\u0131 yap\u0131\u015ft\u0131r\u0131c\u0131lar haricindeki \u00fcr\u00fcnlerin e\u011fitim ve \u00f6\u011fretim faaliyetlerinde kullan\u0131lmas\u0131 yasakt\u0131r.<br \/>\n<br \/>\n(2) Y\u00fcksek\u00f6\u011fretim kurumlar\u0131 ile mesleki e\u011fitim ve i\u015f e\u011fitimi yapan kurumlar\u0131n, e\u011fitim gere\u011fi kulland\u0131klar\u0131 \u00fcr\u00fcnlerin ho\u015f olmayan koku ihtiva etmeleri zorunludur.<br \/>\n<br \/>\n(3) E\u011fitim \u00f6\u011fretim faaliyetlerinde kullan\u0131lmak \u00fczere ho\u015f olmayan koku ihtiva eden \u00fcr\u00fcnleri \u00fcretmek veya ithal etmek isteyen firmalar \u00fcretim izni veya ithal izni veren kuruma m\u00fcracaat ederler. Bu kurumun Bakanl\u0131\u011fa m\u00fcracaat\u0131 \u00fczerine, Bilimsel Kurul taraf\u0131ndan yap\u0131lacak de\u011ferlendirme sonras\u0131nda s\u00f6z konusu \u00fcr\u00fcn\u00fcn \u00fcretimi hususunda ilgili kuruma g\u00f6r\u00fc\u015f verilir.<br \/>\n<br \/>\n(4) E\u011fitim \u00f6\u011fretim faaliyetlerinde ho\u015f olmayan koku ilave edilmi\u015f \u00fcr\u00fcnlerin kullan\u0131labilmesi i\u00e7in kullan\u0131m alan\u0131nda k\u0131sm\u00ee veya genel havaland\u0131rma sistemi bulunmas\u0131 zorunludur.<\/td>\n<\/tr>\n<tr class=\"row-10\">\n\t<td class=\"column-1\">Sat\u0131\u015f ve denetimle ilgili d\u00fczenlemeler<\/td><td class=\"column-2\">MADDE 9<\/td><td class=\"column-3\">(1) \u00dcr\u00fcnler ortam\u0131n havas\u0131ndan etkilenmeyecek \u015fekilde kapal\u0131 ambalajlarda piyasaya arz edilir ve sat\u0131\u015f yerlerinde yeterli havaland\u0131rma sa\u011flan\u0131r.<br \/>\n<br \/>\n(2) \u00dcr\u00fcnlerin hangi ama\u00e7la olursa olsun \u00e7ocuklara sat\u0131\u015f\u0131 yasakt\u0131r. E\u011fitim ve \u00f6\u011fretim faaliyetleri i\u00e7in yap\u0131lan al\u0131mlar gibi \u00e7ocuklar taraf\u0131ndan kullan\u0131labilme ihtimalinin varl\u0131\u011f\u0131 halinde bu \u00fcr\u00fcnler yeti\u015fkinlere de sat\u0131lamaz, verilemez. M\u00fc\u015fterileri bu konuda bilgilendirmek zorunludur.<br \/>\n<br \/>\n(3) \u00dcr\u00fcnlerin sat\u0131\u015f\u0131n\u0131n yap\u0131ld\u0131\u011f\u0131 i\u015fyerlerinde Ek\u20134\u2019de belirtilen niteliklere uygun uyar\u0131 levhas\u0131 as\u0131l\u0131r.<br \/>\n<br \/>\n(4) \u0130\u015fyerleri, sat\u0131\u015f yerleri ve bu \u00fcr\u00fcnlerin e\u011fitim \u00f6\u011fretim faaliyetlerinde kullan\u0131ld\u0131\u011f\u0131 yerler bu Y\u00f6netmelik h\u00fck\u00fcmlerine uygunluk a\u00e7\u0131s\u0131ndan M\u00fcd\u00fcrl\u00fcklerce denetlenir. Denetleme faaliyetleri ilgili Bakanl\u0131klar\u0131n il te\u015fkilatlar\u0131 ile m\u00fc\u015ftereken yap\u0131labilir.<br \/>\n<br \/>\n(5) Bu Y\u00f6netmelikte yer alan hususlar di\u011fer kurumlar\u0131n meri mevzuatta yer alan denetim g\u00f6rev ve yetkisi d\u00e2hilindeki uygulamalardan do\u011fan y\u00fck\u00fcml\u00fcl\u00fckleri ortadan kald\u0131rmaz.<\/td>\n<\/tr>\n<tr class=\"row-11\">\n\t<td class=\"column-1\">\u00d6nleme, tedavi ve rehabilitasyon<\/td><td class=\"column-2\">MADDE 10 <\/td><td class=\"column-3\">(1) U\u00e7ucu maddelerin ve \u00fcr\u00fcnlerin yaratt\u0131\u011f\u0131 sa\u011fl\u0131k riskleri konusunda toplumu bilin\u00e7lendirmek \u00fczere Bakanl\u0131k\u00e7a \u00f6nleme \u00e7al\u0131\u015fmalar\u0131 yap\u0131l\u0131r.<br \/>\n<br \/>\n(2) Bu alanda ki\u015fiye y\u00f6nelik koruyucu sa\u011fl\u0131k hizmetleri ile birinci basamak te\u015fhis, tedavi ve rehabilite edici sa\u011fl\u0131k hizmetleri aile hekimlerince, topluma y\u00f6nelik okul sa\u011fl\u0131\u011f\u0131 hizmetleri ile di\u011fer koruyucu sa\u011fl\u0131k hizmetleri toplum sa\u011fl\u0131\u011f\u0131 merkezlerince verilir.<br \/>\n<br \/>\n(3) U\u00e7ucu madde ba\u011f\u0131ml\u0131lar\u0131n\u0131n ikinci basamak tedavi ve rehabilitasyonlar\u0131, b\u00fcnyesinde ruh sa\u011fl\u0131\u011f\u0131 ve hastal\u0131klar\u0131 uzman\u0131 ile psikolog bulunan devlet hastanelerinde sa\u011flan\u0131r. \u0130leri tetkik ve tedavi ise, 16\/2\/2004 tarihli ve 25375 say\u0131l\u0131 Resm\u00ee Gazete\u2019de yay\u0131mlanarak y\u00fcr\u00fcrl\u00fc\u011fe giren Madde Ba\u011f\u0131ml\u0131l\u0131\u011f\u0131 Tedavi Merkezleri Y\u00f6netmeli\u011fi h\u00fck\u00fcmlerine g\u00f6re hizmet veren madde ba\u011f\u0131ml\u0131l\u0131\u011f\u0131 tedavi merkezlerinde yap\u0131l\u0131r.<\/td>\n<\/tr>\n<tr class=\"row-12\">\n\t<td class=\"column-1\">M\u00fceyyideler<\/td><td class=\"column-2\">MADDE 11<\/td><td class=\"column-3\">(1) Bu Y\u00f6netmelik h\u00fck\u00fcmlerine uyulmamas\u0131 durumunda 5898 say\u0131l\u0131 U\u00e7ucu Maddelerin Zararlar\u0131ndan \u0130nsan Sa\u011fl\u0131\u011f\u0131n\u0131n Korunmas\u0131na Dair Kanun h\u00fck\u00fcmleri uyar\u0131nca cezai i\u015flem yap\u0131l\u0131r.<\/td>\n<\/tr>\n<tr class=\"row-13\">\n\t<td class=\"column-1\">Y\u00fcr\u00fcrl\u00fck<\/td><td class=\"column-2\">MADDE 12<\/td><td class=\"column-3\">(1) Bu Y\u00f6netmelik yay\u0131m\u0131 tarihinde y\u00fcr\u00fcrl\u00fc\u011fe girer.<\/td>\n<\/tr>\n<tr class=\"row-14\">\n\t<td class=\"column-1\">Y\u00fcr\u00fctme<\/td><td class=\"column-2\">MADDE 13<\/td><td class=\"column-3\">(1) Bu Y\u00f6netmelik h\u00fck\u00fcmlerini Sa\u011fl\u0131k Bakan\u0131 y\u00fcr\u00fct\u00fcr.<\/td>\n<\/tr>\n<tr class=\"row-15\">\n\t<td class=\"column-1\"><a href=\"https:\/\/www.mevzuat.gov.tr\/mevzuatmetin\/yonetmelik\/7.5.14180-ek.doc\" target=\"_blank\">Y\u00f6netmeli\u011fin eklerini g\u00f6rmek i\u00e7in t\u0131klay\u0131n\u0131z<\/a><\/td><td class=\"column-2\"><\/td><td class=\"column-3\"><\/td>\n<\/tr>\n<\/tbody>\n<\/table>\n<!-- #tablepress-4 from cache -->","protected":false},"excerpt":{"rendered":"","protected":false},"author":1,"featured_media":0,"parent":0,"menu_order":0,"comment_status":"closed","ping_status":"closed","template":"","meta":{"footnotes":""},"class_list":["post-65","page","type-page","status-publish","hentry"],"yoast_head":"<!-- This site is optimized with the Yoast SEO plugin v27.4 - https:\/\/yoast.com\/product\/yoast-seo-wordpress\/ -->\n<title>U\u00c7UCU MADDELER\u0130N ZARARLARINDAN \u0130NSAN SA\u011eLI\u011eININ KORUNMASI HAKKINDA Y\u00d6NETMEL\u0130K - \u0130SG Mevzuat Kayna\u011f\u0131 - isgmevzuat.tr<\/title>\n<meta name=\"robots\" content=\"index, follow, max-snippet:-1, max-image-preview:large, max-video-preview:-1\" \/>\n<link rel=\"canonical\" href=\"https:\/\/isgmevzuat.tr\/index.php\/ucucu-maddelerin-zararlarindan-insan-sagliginin-korunmasi-hakkinda-yonetmelik\/\" \/>\n<meta property=\"og:locale\" content=\"tr_TR\" \/>\n<meta property=\"og:type\" content=\"article\" \/>\n<meta property=\"og:title\" content=\"U\u00c7UCU MADDELER\u0130N ZARARLARINDAN \u0130NSAN SA\u011eLI\u011eININ KORUNMASI HAKKINDA Y\u00d6NETMEL\u0130K - \u0130SG Mevzuat Kayna\u011f\u0131 - isgmevzuat.tr\" \/>\n<meta property=\"og:url\" content=\"https:\/\/isgmevzuat.tr\/index.php\/ucucu-maddelerin-zararlarindan-insan-sagliginin-korunmasi-hakkinda-yonetmelik\/\" \/>\n<meta property=\"og:site_name\" content=\"\u0130SG Mevzuat Kayna\u011f\u0131 - isgmevzuat.tr\" \/>\n<meta name=\"twitter:card\" content=\"summary_large_image\" \/>\n<script type=\"application\/ld+json\" class=\"yoast-schema-graph\">{\"@context\":\"https:\\\/\\\/schema.org\",\"@graph\":[{\"@type\":\"WebPage\",\"@id\":\"https:\\\/\\\/isgmevzuat.tr\\\/index.php\\\/ucucu-maddelerin-zararlarindan-insan-sagliginin-korunmasi-hakkinda-yonetmelik\\\/\",\"url\":\"https:\\\/\\\/isgmevzuat.tr\\\/index.php\\\/ucucu-maddelerin-zararlarindan-insan-sagliginin-korunmasi-hakkinda-yonetmelik\\\/\",\"name\":\"U\u00c7UCU MADDELER\u0130N ZARARLARINDAN \u0130NSAN SA\u011eLI\u011eININ KORUNMASI HAKKINDA Y\u00d6NETMEL\u0130K - \u0130SG Mevzuat Kayna\u011f\u0131 - isgmevzuat.tr\",\"isPartOf\":{\"@id\":\"https:\\\/\\\/isgmevzuat.tr\\\/#website\"},\"datePublished\":\"2024-12-30T19:34:10+00:00\",\"breadcrumb\":{\"@id\":\"https:\\\/\\\/isgmevzuat.tr\\\/index.php\\\/ucucu-maddelerin-zararlarindan-insan-sagliginin-korunmasi-hakkinda-yonetmelik\\\/#breadcrumb\"},\"inLanguage\":\"tr\",\"potentialAction\":[{\"@type\":\"ReadAction\",\"target\":[\"https:\\\/\\\/isgmevzuat.tr\\\/index.php\\\/ucucu-maddelerin-zararlarindan-insan-sagliginin-korunmasi-hakkinda-yonetmelik\\\/\"]}]},{\"@type\":\"BreadcrumbList\",\"@id\":\"https:\\\/\\\/isgmevzuat.tr\\\/index.php\\\/ucucu-maddelerin-zararlarindan-insan-sagliginin-korunmasi-hakkinda-yonetmelik\\\/#breadcrumb\",\"itemListElement\":[{\"@type\":\"ListItem\",\"position\":1,\"name\":\"Anasayfa\",\"item\":\"https:\\\/\\\/isgmevzuat.tr\\\/\"},{\"@type\":\"ListItem\",\"position\":2,\"name\":\"U\u00c7UCU MADDELER\u0130N ZARARLARINDAN \u0130NSAN SA\u011eLI\u011eININ KORUNMASI HAKKINDA Y\u00d6NETMEL\u0130K\"}]},{\"@type\":\"WebSite\",\"@id\":\"https:\\\/\\\/isgmevzuat.tr\\\/#website\",\"url\":\"https:\\\/\\\/isgmevzuat.tr\\\/\",\"name\":\"isgmevzuat.tr\",\"description\":\"\u00dccretsiz isg mevzuat listeleri, ayr\u0131nt\u0131l\u0131 arama yaparak i\u015fletmenizin i\u015f sa\u011fl\u0131\u011f\u0131 ve g\u00fcvenli\u011fine uyumunu sa\u011flay\u0131n\",\"publisher\":{\"@id\":\"https:\\\/\\\/isgmevzuat.tr\\\/#organization\"},\"potentialAction\":[{\"@type\":\"SearchAction\",\"target\":{\"@type\":\"EntryPoint\",\"urlTemplate\":\"https:\\\/\\\/isgmevzuat.tr\\\/?s={search_term_string}\"},\"query-input\":{\"@type\":\"PropertyValueSpecification\",\"valueRequired\":true,\"valueName\":\"search_term_string\"}}],\"inLanguage\":\"tr\"},{\"@type\":\"Organization\",\"@id\":\"https:\\\/\\\/isgmevzuat.tr\\\/#organization\",\"name\":\"isgmevzuat.tr\",\"url\":\"https:\\\/\\\/isgmevzuat.tr\\\/\",\"logo\":{\"@type\":\"ImageObject\",\"inLanguage\":\"tr\",\"@id\":\"https:\\\/\\\/isgmevzuat.tr\\\/#\\\/schema\\\/logo\\\/image\\\/\",\"url\":\"https:\\\/\\\/isgmevzuat.tr\\\/wp-content\\\/uploads\\\/2025\\\/01\\\/im.png\",\"contentUrl\":\"https:\\\/\\\/isgmevzuat.tr\\\/wp-content\\\/uploads\\\/2025\\\/01\\\/im.png\",\"width\":500,\"height\":500,\"caption\":\"isgmevzuat.tr\"},\"image\":{\"@id\":\"https:\\\/\\\/isgmevzuat.tr\\\/#\\\/schema\\\/logo\\\/image\\\/\"}}]}<\/script>\n<!-- \/ Yoast SEO plugin. -->","yoast_head_json":{"title":"U\u00c7UCU MADDELER\u0130N ZARARLARINDAN \u0130NSAN SA\u011eLI\u011eININ KORUNMASI HAKKINDA Y\u00d6NETMEL\u0130K - \u0130SG Mevzuat Kayna\u011f\u0131 - isgmevzuat.tr","robots":{"index":"index","follow":"follow","max-snippet":"max-snippet:-1","max-image-preview":"max-image-preview:large","max-video-preview":"max-video-preview:-1"},"canonical":"https:\/\/isgmevzuat.tr\/index.php\/ucucu-maddelerin-zararlarindan-insan-sagliginin-korunmasi-hakkinda-yonetmelik\/","og_locale":"tr_TR","og_type":"article","og_title":"U\u00c7UCU MADDELER\u0130N ZARARLARINDAN \u0130NSAN SA\u011eLI\u011eININ KORUNMASI HAKKINDA Y\u00d6NETMEL\u0130K - \u0130SG Mevzuat Kayna\u011f\u0131 - isgmevzuat.tr","og_url":"https:\/\/isgmevzuat.tr\/index.php\/ucucu-maddelerin-zararlarindan-insan-sagliginin-korunmasi-hakkinda-yonetmelik\/","og_site_name":"\u0130SG Mevzuat Kayna\u011f\u0131 - isgmevzuat.tr","twitter_card":"summary_large_image","schema":{"@context":"https:\/\/schema.org","@graph":[{"@type":"WebPage","@id":"https:\/\/isgmevzuat.tr\/index.php\/ucucu-maddelerin-zararlarindan-insan-sagliginin-korunmasi-hakkinda-yonetmelik\/","url":"https:\/\/isgmevzuat.tr\/index.php\/ucucu-maddelerin-zararlarindan-insan-sagliginin-korunmasi-hakkinda-yonetmelik\/","name":"U\u00c7UCU MADDELER\u0130N ZARARLARINDAN \u0130NSAN SA\u011eLI\u011eININ KORUNMASI HAKKINDA Y\u00d6NETMEL\u0130K - \u0130SG Mevzuat Kayna\u011f\u0131 - isgmevzuat.tr","isPartOf":{"@id":"https:\/\/isgmevzuat.tr\/#website"},"datePublished":"2024-12-30T19:34:10+00:00","breadcrumb":{"@id":"https:\/\/isgmevzuat.tr\/index.php\/ucucu-maddelerin-zararlarindan-insan-sagliginin-korunmasi-hakkinda-yonetmelik\/#breadcrumb"},"inLanguage":"tr","potentialAction":[{"@type":"ReadAction","target":["https:\/\/isgmevzuat.tr\/index.php\/ucucu-maddelerin-zararlarindan-insan-sagliginin-korunmasi-hakkinda-yonetmelik\/"]}]},{"@type":"BreadcrumbList","@id":"https:\/\/isgmevzuat.tr\/index.php\/ucucu-maddelerin-zararlarindan-insan-sagliginin-korunmasi-hakkinda-yonetmelik\/#breadcrumb","itemListElement":[{"@type":"ListItem","position":1,"name":"Anasayfa","item":"https:\/\/isgmevzuat.tr\/"},{"@type":"ListItem","position":2,"name":"U\u00c7UCU MADDELER\u0130N ZARARLARINDAN \u0130NSAN SA\u011eLI\u011eININ KORUNMASI HAKKINDA Y\u00d6NETMEL\u0130K"}]},{"@type":"WebSite","@id":"https:\/\/isgmevzuat.tr\/#website","url":"https:\/\/isgmevzuat.tr\/","name":"isgmevzuat.tr","description":"\u00dccretsiz isg mevzuat listeleri, ayr\u0131nt\u0131l\u0131 arama yaparak i\u015fletmenizin i\u015f sa\u011fl\u0131\u011f\u0131 ve g\u00fcvenli\u011fine uyumunu sa\u011flay\u0131n","publisher":{"@id":"https:\/\/isgmevzuat.tr\/#organization"},"potentialAction":[{"@type":"SearchAction","target":{"@type":"EntryPoint","urlTemplate":"https:\/\/isgmevzuat.tr\/?s={search_term_string}"},"query-input":{"@type":"PropertyValueSpecification","valueRequired":true,"valueName":"search_term_string"}}],"inLanguage":"tr"},{"@type":"Organization","@id":"https:\/\/isgmevzuat.tr\/#organization","name":"isgmevzuat.tr","url":"https:\/\/isgmevzuat.tr\/","logo":{"@type":"ImageObject","inLanguage":"tr","@id":"https:\/\/isgmevzuat.tr\/#\/schema\/logo\/image\/","url":"https:\/\/isgmevzuat.tr\/wp-content\/uploads\/2025\/01\/im.png","contentUrl":"https:\/\/isgmevzuat.tr\/wp-content\/uploads\/2025\/01\/im.png","width":500,"height":500,"caption":"isgmevzuat.tr"},"image":{"@id":"https:\/\/isgmevzuat.tr\/#\/schema\/logo\/image\/"}}]}},"_links":{"self":[{"href":"https:\/\/isgmevzuat.tr\/index.php\/wp-json\/wp\/v2\/pages\/65","targetHints":{"allow":["GET"]}}],"collection":[{"href":"https:\/\/isgmevzuat.tr\/index.php\/wp-json\/wp\/v2\/pages"}],"about":[{"href":"https:\/\/isgmevzuat.tr\/index.php\/wp-json\/wp\/v2\/types\/page"}],"author":[{"embeddable":true,"href":"https:\/\/isgmevzuat.tr\/index.php\/wp-json\/wp\/v2\/users\/1"}],"replies":[{"embeddable":true,"href":"https:\/\/isgmevzuat.tr\/index.php\/wp-json\/wp\/v2\/comments?post=65"}],"version-history":[{"count":1,"href":"https:\/\/isgmevzuat.tr\/index.php\/wp-json\/wp\/v2\/pages\/65\/revisions"}],"predecessor-version":[{"id":66,"href":"https:\/\/isgmevzuat.tr\/index.php\/wp-json\/wp\/v2\/pages\/65\/revisions\/66"}],"wp:attachment":[{"href":"https:\/\/isgmevzuat.tr\/index.php\/wp-json\/wp\/v2\/media?parent=65"}],"curies":[{"name":"wp","href":"https:\/\/api.w.org\/{rel}","templated":true}]}}